{"id":4919,"date":"2020-12-24T08:39:45","date_gmt":"2020-12-24T07:39:45","guid":{"rendered":"https:\/\/mini-dyktafon.podsluch.pl\/?page_id=4919"},"modified":"2022-10-23T12:23:03","modified_gmt":"2022-10-23T10:23:03","slug":"odczyt-skasowanych-nagran","status":"publish","type":"page","link":"https:\/\/mini-dyktafon.podsluch.pl\/index.php\/odczyt-skasowanych-nagran\/","title":{"rendered":"Odczyt skasowanych nagra\u0144"},"content":{"rendered":"\t\t<div data-elementor-type=\"wp-page\" data-elementor-id=\"4919\" class=\"elementor elementor-4919\" data-elementor-settings=\"[]\">\n\t\t\t\t\t\t<div class=\"elementor-inner\">\n\t\t\t\t\t\t\t<div class=\"elementor-section-wrap\">\n\t\t\t\t\t\t\t<section class=\"elementor-section elementor-top-section elementor-element elementor-element-4e5ed41 elementor-section-boxed elementor-section-height-default elementor-section-height-default\" data-id=\"4e5ed41\" data-element_type=\"section\">\n\t\t\t\t\t\t<div class=\"elementor-container elementor-column-gap-default\">\n\t\t\t\t\t\t\t<div class=\"elementor-row\">\n\t\t\t\t\t<div class=\"elementor-column elementor-col-100 elementor-top-column elementor-element elementor-element-53ce0db\" data-id=\"53ce0db\" data-element_type=\"column\">\n\t\t\t<div class=\"elementor-column-wrap elementor-element-populated\">\n\t\t\t\t\t\t\t<div class=\"elementor-widget-wrap\">\n\t\t\t\t\t\t<div class=\"elementor-element elementor-element-8db6ed2 elementor-widget elementor-widget-text-editor\" data-id=\"8db6ed2\" data-element_type=\"widget\" data-widget_type=\"text-editor.default\">\n\t\t\t\t<div class=\"elementor-widget-container\">\n\t\t\t\t\t\t\t\t<div class=\"elementor-text-editor elementor-clearfix\">\n\t\t\t\t<h2 style=\"text-align: center;\">Odczyt skasowanych nagra\u0144<\/h2>\n<p style=\"text-align: center;\"><img loading=\"lazy\" class=\"alignleft wp-image-5786 size-full\" src=\"https:\/\/mini-dyktafon.podsluch.pl\/wp-content\/uploads\/2021\/08\/odczyt-dyktafonu.jpg\" alt=\"odczyt skasowanych nagra\u0144\" width=\"516\" height=\"474\" srcset=\"https:\/\/mini-dyktafon.podsluch.pl\/wp-content\/uploads\/2021\/08\/odczyt-dyktafonu.jpg 516w, https:\/\/mini-dyktafon.podsluch.pl\/wp-content\/uploads\/2021\/08\/odczyt-dyktafonu-250x230.jpg 250w\" sizes=\"(max-width: 516px) 100vw, 516px\" \/><\/p>\n<p><a href=\"https:\/\/odczyt-skasowanych-sms.euro-soft.pl\/\" rel=\"dofollow\">Odczyt skasowanych nagra\u0144.<\/a> na dyktafon wykonujemy systemem UFED 4PC. System ten zosta\u0142 stworzony i systematycznie aktualizowany przez Izraelsk\u0105 firm\u0119 CELLEBRITE Tel Aviv. Nale\u017cy nadmieni\u0107 \u017ce firma ta jest wsp\u00f3\u0142tw\u00f3rca s\u0142ynnego systemu <strong>Pegazus<\/strong>. UFED 4PC pozwala na odzyskanie wszystkich nagra\u0144 usuni\u0119tych poprzez standardowe wykonania procedury &#8222;DELETE&#8221;. Procedura ta kasuje adresy dost\u0119pu do nagrania, natomiast samo nagrania nadal istnieje do momentu nadpisania przez inne pliko z nagraniami. Je\u017celi w dyktafonie zosta\u0142o wykonane formatowanie pami\u0119ci odczyt z wykorzystaniem UFED 4PC nie przywr\u00f3ci skasowanych nagra\u0144. W tym przypadku nale\u017cy stosowa\u0144 inne czasoch\u0142onne i kosztowne metody.<\/p>\n<h2 style=\"text-align: center;\">Poni\u017cej prezentujemy procedure odczytu<\/h2>\n<p><img loading=\"lazy\" class=\"aligncenter wp-image-4288 size-full\" src=\"https:\/\/mini-dyktafon.podsluch.pl\/wp-content\/uploads\/2020\/08\/odczyt-dyktafony-UFED-4PC.jpg\" alt=\"odczyt mini dyktafonu na UFED 4PC\" width=\"773\" height=\"506\" srcset=\"https:\/\/mini-dyktafon.podsluch.pl\/wp-content\/uploads\/2020\/08\/odczyt-dyktafony-UFED-4PC.jpg 773w, https:\/\/mini-dyktafon.podsluch.pl\/wp-content\/uploads\/2020\/08\/odczyt-dyktafony-UFED-4PC-250x164.jpg 250w, https:\/\/mini-dyktafon.podsluch.pl\/wp-content\/uploads\/2020\/08\/odczyt-dyktafony-UFED-4PC-768x503.jpg 768w\" sizes=\"(max-width: 773px) 100vw, 773px\" \/><\/p>\n<p>Badany dyktafon zosta\u0142 pod\u0142\u0105czony do UFED 4PC . Wykonano odczyt w ekstrakcji fizycznej. Otrzymano nast\u0119puj\u0105ce informacje:<\/p>\n<ol>\n<li>Typ przeprowadzonej ekstrakcji.<\/li>\n<li>Data i godzina wykonania odczytu.<\/li>\n<li>Ilo\u015b\u0107 \u017ar\u00f3de\u0142 danych w chmurze kt\u00f3re mog\u0105 podlega\u0107 ekstrakcji aplikacja UFED Cloud Analizer.<\/li>\n<li>Ilo\u015b\u0107 aplikacji w badanym dyktafonie.<\/li>\n<li>Ilo\u015b\u0107 istniej\u0105cych nagra\u0144 w badanym dyktafonie. Czerwona cyfra w nawiasie sygnalizuje ilo\u015b\u0107 nagra\u0144 skasowanych.<\/li>\n<li>Ilo\u015b\u0107 danych bez kategorii.<\/li>\n<\/ol>\n<p style=\"text-align: center;\"><img loading=\"lazy\" class=\"alignleft wp-image-4286 size-full\" src=\"https:\/\/mini-dyktafon.podsluch.pl\/wp-content\/uploads\/2020\/08\/test-dyktafonu-12345.jpg\" alt=\"odczyt testowy dyktafonu\" width=\"571\" height=\"306\" srcset=\"https:\/\/mini-dyktafon.podsluch.pl\/wp-content\/uploads\/2020\/08\/test-dyktafonu-12345.jpg 571w, https:\/\/mini-dyktafon.podsluch.pl\/wp-content\/uploads\/2020\/08\/test-dyktafonu-12345-250x134.jpg 250w\" sizes=\"(max-width: 571px) 100vw, 571px\" \/><\/p>\n<h3 style=\"text-align: left;\">Obok prezentowany jest szczeg\u00f3\u0142owy wykaz nagra\u0144 istniej\u0105cych w badanym dyktafonie:<\/h3>\n<ol>\n<li>Odczytano pliki skasowane z podaniem daty i godziny ich wykonania.<\/li>\n<li>Odczytano nagrania nieskasowane z podaniem daty i godziny ich wykonania.<\/li>\n<\/ol>\n<p><span style=\"text-decoration: underline;\">Odczyt wykonywany jest przez bieg\u0142ego s\u0105dowego co umo\u017cliwia przed\u0142o\u017cenie pozyskanego materia\u0142u w trakcie postepowania s\u0105dowego.<\/span><\/p>\n<p>Telefon kontaktowy 501-159-03<\/p>\n<p>e-mail biuro@podsluch.pl<\/p>\n<p>Nale\u017cy nadmieni\u0107 \u017ce wszystkie czynno\u015bci zwi\u0105zane z odczytem nagra\u0144 z dyktafonu w tym nagra\u0144 skasowanych wykonuje bieg\u0142y s\u0105dowy S\u0105du Okr\u0119gowego w Warszawie (<a href=\"https:\/\/www.podsluch.pl\/index.php\/wykrywanie-gps-warszawa\/\">DAM 5111-266-19, ADM 5111-693-17<\/a>). &nbsp;Nowelizacja art. 393 \u00a7 3 k.p.k. pozwala na u\u017cycie dowodu z opinii bieg\u0142ego w post\u0119powaniu dowodowym. Do grona naszych klient\u00f3w nale\u017c\u0119 instytucje pa\u0144stwowe takie jak prokuratury&nbsp; ora jednostki policji. Z wykazem wykonanych ekspertyz mo\u017cna zapozna\u0107 si\u0119 na stronie <a href=\"https:\/\/www.euro-soft.pl\/joomla\/index.php\/8-oferty\/160-ekspertyzy-dla-prokuratur\">euro-soft.pl<\/a><\/p>\n<p><a href=\"https:\/\/mini-dyktafon.podsluch.pl\/\"><img loading=\"lazy\" class=\"aligncenter wp-image-476 size-medium\" src=\"https:\/\/mini-dyktafon.podsluch.pl\/wp-content\/uploads\/2019\/08\/szyld-OST-300x43.jpg\" alt=\"odczyt skasowanych nagra\u0144\" width=\"300\" height=\"43\" srcset=\"https:\/\/mini-dyktafon.podsluch.pl\/wp-content\/uploads\/2019\/08\/szyld-OST-300x43.jpg 300w, https:\/\/mini-dyktafon.podsluch.pl\/wp-content\/uploads\/2019\/08\/szyld-OST-250x36.jpg 250w, https:\/\/mini-dyktafon.podsluch.pl\/wp-content\/uploads\/2019\/08\/szyld-OST.jpg 750w\" sizes=\"(max-width: 300px) 100vw, 300px\" \/><\/a><\/p>\t\t\t\t\t<\/div>\n\t\t\t\t\t\t<\/div>\n\t\t\t\t<\/div>\n\t\t\t\t<div class=\"elementor-element elementor-element-c2dfbf0 elementor-shape-rounded elementor-grid-0 e-grid-align-center elementor-widget elementor-widget-social-icons\" data-id=\"c2dfbf0\" data-element_type=\"widget\" data-widget_type=\"social-icons.default\">\n\t\t\t\t<div class=\"elementor-widget-container\">\n\t\t\t\t\t<div class=\"elementor-social-icons-wrapper elementor-grid\">\n\t\t\t\t\t\t\t<span class=\"elementor-grid-item\">\n\t\t\t\t\t<a class=\"elementor-icon elementor-social-icon elementor-social-icon-facebook elementor-repeater-item-9a00c6f\" href=\"https:\/\/www.facebook.com\/spystor\/?ref=pages_you_manage\" target=\"_blank\">\n\t\t\t\t\t\t<span class=\"elementor-screen-only\">Facebook<\/span>\n\t\t\t\t\t\t<i class=\"fab fa-facebook\"><\/i>\t\t\t\t\t<\/a>\n\t\t\t\t<\/span>\n\t\t\t\t\t\t\t<span class=\"elementor-grid-item\">\n\t\t\t\t\t<a class=\"elementor-icon elementor-social-icon elementor-social-icon-youtube elementor-repeater-item-37c0824\" href=\"https:\/\/www.youtube.com\/watch?v=UEkNlhxAwhc\" target=\"_blank\">\n\t\t\t\t\t\t<span class=\"elementor-screen-only\">Youtube<\/span>\n\t\t\t\t\t\t<i class=\"fab fa-youtube\"><\/i>\t\t\t\t\t<\/a>\n\t\t\t\t<\/span>\n\t\t\t\t\t<\/div>\n\t\t\t\t<\/div>\n\t\t\t\t<\/div>\n\t\t\t\t\t\t<\/div>\n\t\t\t\t\t<\/div>\n\t\t<\/div>\n\t\t\t\t\t\t\t\t<\/div>\n\t\t\t\t\t<\/div>\n\t\t<\/section>\n\t\t\t\t\t\t<\/div>\n\t\t\t\t\t\t<\/div>\n\t\t\t\t\t<\/div>\n\t\t","protected":false},"excerpt":{"rendered":"<p>Odczyt skasowanych nagra\u0144 Odczyt skasowanych nagra\u0144. na dyktafon wykonujemy systemem UFED 4PC. System ten zosta\u0142 stworzony i systematycznie aktualizowany przez&hellip;<\/p>\n","protected":false},"author":2,"featured_media":4086,"parent":0,"menu_order":0,"comment_status":"closed","ping_status":"closed","template":"elementor_header_footer","meta":[],"_links":{"self":[{"href":"https:\/\/mini-dyktafon.podsluch.pl\/index.php\/wp-json\/wp\/v2\/pages\/4919"}],"collection":[{"href":"https:\/\/mini-dyktafon.podsluch.pl\/index.php\/wp-json\/wp\/v2\/pages"}],"about":[{"href":"https:\/\/mini-dyktafon.podsluch.pl\/index.php\/wp-json\/wp\/v2\/types\/page"}],"author":[{"embeddable":true,"href":"https:\/\/mini-dyktafon.podsluch.pl\/index.php\/wp-json\/wp\/v2\/users\/2"}],"replies":[{"embeddable":true,"href":"https:\/\/mini-dyktafon.podsluch.pl\/index.php\/wp-json\/wp\/v2\/comments?post=4919"}],"version-history":[{"count":53,"href":"https:\/\/mini-dyktafon.podsluch.pl\/index.php\/wp-json\/wp\/v2\/pages\/4919\/revisions"}],"predecessor-version":[{"id":7097,"href":"https:\/\/mini-dyktafon.podsluch.pl\/index.php\/wp-json\/wp\/v2\/pages\/4919\/revisions\/7097"}],"wp:featuredmedia":[{"embeddable":true,"href":"https:\/\/mini-dyktafon.podsluch.pl\/index.php\/wp-json\/wp\/v2\/media\/4086"}],"wp:attachment":[{"href":"https:\/\/mini-dyktafon.podsluch.pl\/index.php\/wp-json\/wp\/v2\/media?parent=4919"}],"curies":[{"name":"wp","href":"https:\/\/api.w.org\/{rel}","templated":true}]}}